{"id":8858,"date":"2016-08-21T20:46:32","date_gmt":"2016-08-21T18:46:32","guid":{"rendered":"http:\/\/www.hiddensee-kuenstler.de\/wp-content\/uploads\/2016\/08\/Torsten_Schlueter_Frau-mit-Krug.jpg"},"modified":"2016-08-21T20:46:32","modified_gmt":"2016-08-21T18:46:32","slug":"frau-mit-krug-2","status":"inherit","type":"attachment","link":"https:\/\/www.torsten-schlueter.de\/en\/frau-mit-krug-2\/","title":{"rendered":"Torsten Schl\u00fcter, &#8220;Frau mit Krug&#8221;, 2003, \u00d6l auf Leinwand, 70x50cm"},"author":1,"featured_media":0,"comment_status":"closed","ping_status":"closed","template":"","meta":[],"categories":[],"tags":[],"class_list":["post-8858","attachment","type-attachment","status-inherit","hentry","has-post-title","has-post-date","has-post-category","has-post-tag","has-post-comment","has-post-author",""],"description":{"rendered":"<p><a href='https:\/\/www.torsten-schlueter.de\/wp-content\/uploads\/2016\/08\/Torsten_Schlueter_Frau-mit-Krug.jpg'><img loading=\"lazy\" decoding=\"async\" width=\"736\" height=\"1000\" src=\"https:\/\/www.torsten-schlueter.de\/wp-content\/uploads\/2016\/08\/Torsten_Schlueter_Frau-mit-Krug.jpg\" class=\"attachment-large size-large\" alt=\"\" srcset=\"https:\/\/www.torsten-schlueter.de\/wp-content\/uploads\/2016\/08\/Torsten_Schlueter_Frau-mit-Krug.jpg 736w, https:\/\/www.torsten-schlueter.de\/wp-content\/uploads\/2016\/08\/Torsten_Schlueter_Frau-mit-Krug-221x300.jpg 221w\" sizes=\"auto, (max-width: 736px) 100vw, 736px\" \/><\/a><\/p>\n"},"caption":{"rendered":""},"alt_text":"","media_type":"image","mime_type":"image\/jpeg","media_details":{"width":736,"height":1000,"file":"2016\/08\/Torsten_Schlueter_Frau-mit-Krug.jpg","sizes":{"thumbnail":{"file":"Torsten_Schlueter_Frau-mit-Krug-150x150.jpg","width":150,"height":150,"mime_type":"image\/jpeg","source_url":"https:\/\/www.torsten-schlueter.de\/wp-content\/uploads\/2016\/08\/Torsten_Schlueter_Frau-mit-Krug-150x150.jpg"},"medium":{"file":"Torsten_Schlueter_Frau-mit-Krug-221x300.jpg","width":221,"height":300,"mime_type":"image\/jpeg","source_url":"https:\/\/www.torsten-schlueter.de\/wp-content\/uploads\/2016\/08\/Torsten_Schlueter_Frau-mit-Krug-221x300.jpg"},"resized-300x150":{"file":"Torsten_Schlueter_Frau-mit-Krug-300x150.jpg","width":300,"height":150,"mime_type":"image\/jpeg","source_url":"https:\/\/www.torsten-schlueter.de\/wp-content\/uploads\/2016\/08\/Torsten_Schlueter_Frau-mit-Krug-300x150.jpg"},"resized-300x300":{"file":"Torsten_Schlueter_Frau-mit-Krug-300x300.jpg","width":300,"height":300,"mime_type":"image\/jpeg","source_url":"https:\/\/www.torsten-schlueter.de\/wp-content\/uploads\/2016\/08\/Torsten_Schlueter_Frau-mit-Krug-300x300.jpg"},"resized-1160x665":{"file":"Torsten_Schlueter_Frau-mit-Krug-1160x665.jpg","width":1160,"height":665,"mime_type":"image\/jpeg","source_url":"https:\/\/www.torsten-schlueter.de\/wp-content\/uploads\/2016\/08\/Torsten_Schlueter_Frau-mit-Krug-1160x665.jpg"},"resized-1024x585":{"file":"Torsten_Schlueter_Frau-mit-Krug-1024x585.jpg","width":1024,"height":585,"mime_type":"image\/jpeg","source_url":"https:\/\/www.torsten-schlueter.de\/wp-content\/uploads\/2016\/08\/Torsten_Schlueter_Frau-mit-Krug-1024x585.jpg"},"full":{"file":"Torsten_Schlueter_Frau-mit-Krug.jpg","width":736,"height":1000,"mime_type":"image\/jpeg","source_url":"https:\/\/www.torsten-schlueter.de\/wp-content\/uploads\/2016\/08\/Torsten_Schlueter_Frau-mit-Krug.jpg"}},"image_meta":{"aperture":"8","credit":"Torsten Schl\u00fcter","camera":"Canon EOS 400D DIGITAL","caption":"\u00d6l auf Leinwand, 70x50cm","created_timestamp":"1196780415","copyright":"Torsten Schl\u00fcter","focal_length":"55","iso":"100","shutter_speed":"0.6","title":"Frau mit Krug","orientation":"1","keywords":[]}},"post":null,"source_url":"https:\/\/www.torsten-schlueter.de\/wp-content\/uploads\/2016\/08\/Torsten_Schlueter_Frau-mit-Krug.jpg","_links":{"self":[{"href":"https:\/\/www.torsten-schlueter.de\/en\/wp-json\/wp\/v2\/media\/8858","targetHints":{"allow":["GET"]}}],"collection":[{"href":"https:\/\/www.torsten-schlueter.de\/en\/wp-json\/wp\/v2\/media"}],"about":[{"href":"https:\/\/www.torsten-schlueter.de\/en\/wp-json\/wp\/v2\/types\/attachment"}],"author":[{"embeddable":true,"href":"https:\/\/www.torsten-schlueter.de\/en\/wp-json\/wp\/v2\/users\/1"}],"replies":[{"embeddable":true,"href":"https:\/\/www.torsten-schlueter.de\/en\/wp-json\/wp\/v2\/comments?post=8858"}],"wp:term":[{"taxonomy":"category","embeddable":true,"href":"https:\/\/www.torsten-schlueter.de\/en\/wp-json\/wp\/v2\/categories?post=8858"},{"taxonomy":"post_tag","embeddable":true,"href":"https:\/\/www.torsten-schlueter.de\/en\/wp-json\/wp\/v2\/tags?post=8858"}],"curies":[{"name":"wp","href":"https:\/\/api.w.org\/{rel}","templated":true}]}}

Torsten Schlüter, &#8220;Frau mit Krug&#8221;, 2003, Öl auf Leinwand, 70x50cm

Torsten Schlüter

Öl auf Leinwand, 70x50cm
