{"id":9103,"date":"2016-10-11T23:00:36","date_gmt":"2016-10-11T21:00:36","guid":{"rendered":"http:\/\/www.hiddensee-kuenstler.de\/wp-content\/uploads\/2016\/10\/Wer-h\u00f6rt-mit-2014-\u00d6l-auf-leinwand180x180cm-.jpg"},"modified":"2016-10-11T23:00:36","modified_gmt":"2016-10-11T21:00:36","slug":"wer-hoert-mit-2014-oel-auf-leinwand180x180cm-2","status":"inherit","type":"attachment","link":"https:\/\/www.torsten-schlueter.de\/en\/wer-hoert-mit-2014-oel-auf-leinwand180x180cm-2\/","title":{"rendered":"Torsten Schl\u00fcter, &#8220;Wer h\u00f6rt mit&#8221;, 2014, \u00d6l auf Leinwand, 180x180cm"},"author":2,"featured_media":0,"comment_status":"closed","ping_status":"closed","template":"","meta":[],"categories":[],"tags":[],"class_list":["post-9103","attachment","type-attachment","status-inherit","hentry","has-post-title","has-post-date","has-post-category","has-post-tag","has-post-comment","has-post-author",""],"description":{"rendered":"<p><a href='https:\/\/www.torsten-schlueter.de\/wp-content\/uploads\/2016\/10\/Wer-h\u00f6rt-mit-2014-\u00d6l-auf-leinwand180x180cm-.jpg'><img loading=\"lazy\" decoding=\"async\" width=\"994\" height=\"992\" src=\"https:\/\/www.torsten-schlueter.de\/wp-content\/uploads\/2016\/10\/Wer-h\u00f6rt-mit-2014-\u00d6l-auf-leinwand180x180cm-.jpg\" class=\"attachment-large size-large\" alt=\"\" srcset=\"https:\/\/www.torsten-schlueter.de\/wp-content\/uploads\/2016\/10\/Wer-h\u00f6rt-mit-2014-\u00d6l-auf-leinwand180x180cm-.jpg 994w, https:\/\/www.torsten-schlueter.de\/wp-content\/uploads\/2016\/10\/Wer-h\u00f6rt-mit-2014-\u00d6l-auf-leinwand180x180cm--150x150.jpg 150w, https:\/\/www.torsten-schlueter.de\/wp-content\/uploads\/2016\/10\/Wer-h\u00f6rt-mit-2014-\u00d6l-auf-leinwand180x180cm--300x300.jpg 300w, https:\/\/www.torsten-schlueter.de\/wp-content\/uploads\/2016\/10\/Wer-h\u00f6rt-mit-2014-\u00d6l-auf-leinwand180x180cm--768x766.jpg 768w\" sizes=\"auto, (max-width: 994px) 100vw, 994px\" \/><\/a><\/p>\n"},"caption":{"rendered":""},"alt_text":"","media_type":"image","mime_type":"image\/jpeg","media_details":{"width":994,"height":992,"file":"2016\/10\/Wer-h\u00f6rt-mit-2014-\u00d6l-auf-leinwand180x180cm-.jpg","sizes":{"thumbnail":{"file":"Wer-h\u00f6rt-mit-2014-\u00d6l-auf-leinwand180x180cm--150x150.jpg","width":150,"height":150,"mime_type":"image\/jpeg","source_url":"https:\/\/www.torsten-schlueter.de\/wp-content\/uploads\/2016\/10\/Wer-h\u00f6rt-mit-2014-\u00d6l-auf-leinwand180x180cm--150x150.jpg"},"medium":{"file":"Wer-h\u00f6rt-mit-2014-\u00d6l-auf-leinwand180x180cm--300x300.jpg","width":300,"height":300,"mime_type":"image\/jpeg","source_url":"https:\/\/www.torsten-schlueter.de\/wp-content\/uploads\/2016\/10\/Wer-h\u00f6rt-mit-2014-\u00d6l-auf-leinwand180x180cm--300x300.jpg"},"medium_large":{"file":"Wer-h\u00f6rt-mit-2014-\u00d6l-auf-leinwand180x180cm--768x766.jpg","width":768,"height":766,"mime_type":"image\/jpeg","source_url":"https:\/\/www.torsten-schlueter.de\/wp-content\/uploads\/2016\/10\/Wer-h\u00f6rt-mit-2014-\u00d6l-auf-leinwand180x180cm--768x766.jpg"},"resized-1160x665":{"file":"Wer-h\u00f6rt-mit-2014-\u00d6l-auf-leinwand180x180cm--1160x665.jpg","width":1160,"height":665,"mime_type":"image\/jpeg","source_url":"https:\/\/www.torsten-schlueter.de\/wp-content\/uploads\/2016\/10\/Wer-h\u00f6rt-mit-2014-\u00d6l-auf-leinwand180x180cm--1160x665.jpg"},"resized-1024x585":{"file":"Wer-h\u00f6rt-mit-2014-\u00d6l-auf-leinwand180x180cm--1024x585.jpg","width":1024,"height":585,"mime_type":"image\/jpeg","source_url":"https:\/\/www.torsten-schlueter.de\/wp-content\/uploads\/2016\/10\/Wer-h\u00f6rt-mit-2014-\u00d6l-auf-leinwand180x180cm--1024x585.jpg"},"full":{"file":"Wer-h\u00f6rt-mit-2014-\u00d6l-auf-leinwand180x180cm-.jpg","width":994,"height":992,"mime_type":"image\/jpeg","source_url":"https:\/\/www.torsten-schlueter.de\/wp-content\/uploads\/2016\/10\/Wer-h\u00f6rt-mit-2014-\u00d6l-auf-leinwand180x180cm-.jpg"}},"image_meta":{"aperture":"10","credit":"","camera":"Canon EOS 450D","caption":"","created_timestamp":"1431105631","copyright":"","focal_length":"28","iso":"200","shutter_speed":"0.00625","title":"","orientation":"1","keywords":[]}},"post":null,"source_url":"https:\/\/www.torsten-schlueter.de\/wp-content\/uploads\/2016\/10\/Wer-h\u00f6rt-mit-2014-\u00d6l-auf-leinwand180x180cm-.jpg","_links":{"self":[{"href":"https:\/\/www.torsten-schlueter.de\/en\/wp-json\/wp\/v2\/media\/9103","targetHints":{"allow":["GET"]}}],"collection":[{"href":"https:\/\/www.torsten-schlueter.de\/en\/wp-json\/wp\/v2\/media"}],"about":[{"href":"https:\/\/www.torsten-schlueter.de\/en\/wp-json\/wp\/v2\/types\/attachment"}],"author":[{"embeddable":true,"href":"https:\/\/www.torsten-schlueter.de\/en\/wp-json\/wp\/v2\/users\/2"}],"replies":[{"embeddable":true,"href":"https:\/\/www.torsten-schlueter.de\/en\/wp-json\/wp\/v2\/comments?post=9103"}],"wp:term":[{"taxonomy":"category","embeddable":true,"href":"https:\/\/www.torsten-schlueter.de\/en\/wp-json\/wp\/v2\/categories?post=9103"},{"taxonomy":"post_tag","embeddable":true,"href":"https:\/\/www.torsten-schlueter.de\/en\/wp-json\/wp\/v2\/tags?post=9103"}],"curies":[{"name":"wp","href":"https:\/\/api.w.org\/{rel}","templated":true}]}}

http://www.hiddensee-kuenstler.de/wp-content/uploads/2016/10/Wer-hört-mit-2014-Öl-auf-leinwand180x180cm-.jpg

Torsten Schlüter, &#8220;Wer hört mit&#8221;, 2014, Öl auf Leinwand, 180x180cm

<p><a href='https://www.torsten-schlueter.de/wp-content/uploads/2016/10/Wer-hört-mit-2014-Öl-auf-leinwand180x180cm-.jpg'><img loading="lazy" decoding="async" width="994" height="992" src="https://www.torsten-schlueter.de/wp-content/uploads/2016/10/Wer-hört-mit-2014-Öl-auf-leinwand180x180cm-.jpg" class="attachment-large size-large" alt="" srcset="https://www.torsten-schlueter.de/wp-content/uploads/2016/10/Wer-hört-mit-2014-Öl-auf-leinwand180x180cm-.jpg 994w, https://www.torsten-schlueter.de/wp-content/uploads/2016/10/Wer-hört-mit-2014-Öl-auf-leinwand180x180cm--150x150.jpg 150w, https://www.torsten-schlueter.de/wp-content/uploads/2016/10/Wer-hört-mit-2014-Öl-auf-leinwand180x180cm--300x300.jpg 300w, https://www.torsten-schlueter.de/wp-content/uploads/2016/10/Wer-hört-mit-2014-Öl-auf-leinwand180x180cm--768x766.jpg 768w" sizes="auto, (max-width: 994px) 100vw, 994px" /></a></p>

2016/10/Wer-hört-mit-2014-Öl-auf-leinwand180x180cm-.jpg

Wer-hört-mit-2014-Öl-auf-leinwand180x180cm--150x150.jpg

https://www.torsten-schlueter.de/wp-content/uploads/2016/10/Wer-hört-mit-2014-Öl-auf-leinwand180x180cm--150x150.jpg

Wer-hört-mit-2014-Öl-auf-leinwand180x180cm--300x300.jpg

https://www.torsten-schlueter.de/wp-content/uploads/2016/10/Wer-hört-mit-2014-Öl-auf-leinwand180x180cm--300x300.jpg

Wer-hört-mit-2014-Öl-auf-leinwand180x180cm--768x766.jpg

https://www.torsten-schlueter.de/wp-content/uploads/2016/10/Wer-hört-mit-2014-Öl-auf-leinwand180x180cm--768x766.jpg

Wer-hört-mit-2014-Öl-auf-leinwand180x180cm--1160x665.jpg

https://www.torsten-schlueter.de/wp-content/uploads/2016/10/Wer-hört-mit-2014-Öl-auf-leinwand180x180cm--1160x665.jpg

Wer-hört-mit-2014-Öl-auf-leinwand180x180cm--1024x585.jpg

https://www.torsten-schlueter.de/wp-content/uploads/2016/10/Wer-hört-mit-2014-Öl-auf-leinwand180x180cm--1024x585.jpg

Wer-hört-mit-2014-Öl-auf-leinwand180x180cm-.jpg

https://www.torsten-schlueter.de/wp-content/uploads/2016/10/Wer-hört-mit-2014-Öl-auf-leinwand180x180cm-.jpg
